 -137253 + -173?
-137446
In base 2, what is -10100100 + 1011101100111100?
1011101010011000
In base 6, what is -30 - 2020404540?
-2020405010
In base 2, what is 101 - -110010000111001001010111?
110010000111001001011100
In base 7, what is 0 - -620531345?
620531345
In base 12, what is -303 - -3b96?
3893
In base 7, what is 11132003 - 42?
11131631
In base 8, what is -3 + -27270033?
-27270036
In base 12, what is -18bb1 + -a?
-18bbb
In base 3, what is -1001101011011112100 + -10?
-1001101011011112110
In base 4, what is -310331 + 210323?
-100002
In base 11, what is 115411224 + -4?
115411220
In base 7, what is 166621361 + -15?
166621343
In base 14, what is 657 - -a948?
b1a1
In base 14, what is -529 + 182275?
181b4a
In base 9, what is 147 + -365043?
-364785
In base 10, what is -221 - -713688?
713467
In base 4, what is 1010320010 - 32312?
1010221032
In base 12, what is 19aa + -4b06?
-3118
In base 12, what is 7487b + -25?
74856
In base 3, what is -101122000 + -2202121?
-111101121
In base 14, what is 2c9dcd - -37?
2ca026
In base 10, what is 191028 - 4?
191024
In base 16, what is -beb523 + -8?
-beb52b
In base 5, what is 103 + 110221042?
110221200
In base 8, what is 476004615 - -4?
476004621
In base 5, what is -1121 + 2403123332?
2403122211
In base 6, what is 1224452413 - -22?
1224452435
In base 5, what is 23142013002 + -10?
23142012442
In base 9, what is -4 - 35583346?
-35583351
In base 3, what is 2 - -200101202222221?
200101210000000
In base 14, what is 3 + -1626a75?
-1626a72
In base 11, what is 3680 - -85509?
89089
In base 15, what is 8cacbc - -5?
8cacc2
In base 4, what is -121220312 + 33313?
-121120333
In base 15, what is -54598 + -14a?
-546e3
In base 15, what is -93b179 - -26?
-93b153
In base 16, what is 1b1d339a - 3?
1b1d3397
In base 8, what is 23 + -6752035?
-6752012
In base 6, what is -2555 - -132521?
125522
In base 8, what is 324451 + 2763?
327434
In base 6, what is 3505034 - 43?
3504551
In base 13, what is 3 - 121054c2?
-121054bc
In base 11, what is -a24787 + 1?
-a24786
In base 16, what is 0 + -146f879?
-146f879
In base 9, what is 3 - -3371624?
3371627
In base 12, what is -247 - -27969?
27722
In base 11, what is -3783 - 6207?
-998a
In base 14, what is -644 - 3b9d?
-4403
In base 16, what is ad742 + 16d?
ad8af
In base 8, what is 2 - 310423232?
-310423230
In base 3, what is 1201210200 - 2220101?
1121220022
In base 11, what is 7538 - -12a87?
1a514
In base 7, what is -63453654 + -3?
-63453660
In base 15, what is -21 - 79ee59?
-79ee7a
In base 14, what is -43aa6251 - -2?
-43aa624d
In base 14, what is 2 + 44b47d1?
44b47d3
In base 7, what is -161420 - 102061?
-263511
In base 8, what is -265 - 1214264?
-1214551
In base 7, what is 261511 + 21360?
313201
In base 14, what is 600 - -53aac?
542ac
In base 8, what is -434 + 155745?
155311
In base 11, what is 2716aa - -5?
271704
In base 7, what is 42262 + -40640?
1322
In base 12, what is -3a72915 + -5?
-3a7291a
In base 15, what is 7 - 4d17898?
-4d17891
In base 12, what is -23623 - -11?
-23612
In base 4, what is -222301232210 + -1?
-222301232211
In base 16, what is -78 + -36e1da?
-36e252
In base 5, what is 34444200 - 1411?
34442234
In base 6, what is -20551502 - -140?
-20551322
In base 6, what is -2440110101 + -2?
-2440110103
In base 7, what is -15 - 2213522?
-2213540
In base 14, what is -29cc0c69 - 1?
-29cc0c6a
In base 8, what is -43 + 6317221?
6317156
In base 12, what is 71 + -112888?
-112817
In base 8, what is -225 + -703010?
-703235
In base 8, what is 32271476 + 1?
32271477
In base 3, what is 21 + 120011210001?
120011210022
In base 9, what is 5 + -1467825?
-1467820
In base 12, what is -32a50b - -2?
-32a509
In base 8, what is -4 - 75206?
-75212
In base 8, what is 332 - -124672?
125224
In base 3, what is 11 + -111010010112?
-111010010101
In base 8, what is 14 + -2057655?
-2057641
In base 10, what is 5933 + -26190?
-20257
In base 12, what is 3 - -13b3537?
13b353a
In base 10, what is -30118 - 15001?
-45119
In base 6, what is -244123 - 413?
-244540
In base 12, what is 411 + 33a29?
3423a
In base 2, what is 11110111101010100110 - 1010?
11110111101010011100
In base 3, what is 11 - -10221200222121?
10221200222202
In base 6, what is -15 + -4305154331?
-4305154350
In base 10, what is 153285 - 39?
153246
In base 11, what is -5a2a + 21a?
-5810
In base 12, what is 0 - -224336?
224336
In base 4, what is -10310 - 10130310?
-10201220
In base 16, what is 2 - a79e6b?
-a79e69
In base 13, what is -6 - -33869?
33863
In base 10, what is -130 + 249740?
249610
In base 6, what is 5412330 - -44?
5412414
In base 16, what is -4d + 1457af?
145762
In base 7, what is -15562532 + -211?
-15563043
In base 5, what is 20011 + -12124?
2332
In base 15, what is 2c - -4cb7a?
4cba7
In base 15, what is 13 - 1207c?
-12069
In base 3, what is -12111201121011012 + -12?
-12111201121011101
In base 2, what is 11111001101010100110111 + 1111?
11111001101010101000110
In base 4, what is 113322122301021 + 10?
113322122301031
In base 9, what is 2113 - 11024?
-7811
In base 10, what is 5096 + 1741?
6837
In base 3, what is -222 + -101102200010001?
-101102200011000
In base 4, what is -1103303231 - -31?
-1103303200
In base 10, what is -390705 - -384?
-390321
In base 16, what is 3f5 - -fb0?
13a5
In base 11, what is -1249484a + -5?
-12494854
In base 12, what is 1 + 133610?
133611
In base 16, what is 62f56d - -5?
62f572
In base 16, what is -4 + dee2df?
dee2db
In base 3, what is -120010220 - -1011221?
-111221222
In base 8, what is 456763 - -1237?
460222
In base 8, what is 6261647 + 2?
6261651
In base 3, what is -11 + -222222200200212?
-222222200201000
In base 4, what is -20332122112 - -3?
-20332122103
In base 16, what is cff13 + 8?
cff1b
In base 7, what is 641530 - -3452?
645312
In base 7, what is 113 + -132526415?
-132526302
In base 5, what is 4 + 114203332330?
114203332334
In base 13, what is 5 - -a59162?
a59167
In base 14, what is 68b + -2d3c?
-2691
In base 7, what is 20206 - -14154?
34363
In base 14, what is 32 + -217b79?
-217b47
In base 10, what is 451723 - 279?
451444
In base 14, what is 0 + -98c546?
-98c546
In base 2, what is 1001 + 1110010100000111101010100?
1110010100000111101011101
In base 9, what is 28768 - 644?
28124
In base 4, what is 223303112133 + 10?
223303112203
In base 5, what is -213042 + -132440?
-401032
In base 13, what is -2188 - 1b2?
-236a
In base 4, what is 3 - 2032101030?
-2032101021
In base 4, what is 101 - -3223230312?
3223231013
In base 8, what is -37007233 - 7?
-37007242
In base 16, what is 44a - -1b4?
5fe
In base 14, what is 10a1c + 5ab?
111c9
In base 6, what is 3 + 1021235342?
1021235345
In base 11, what is -43 + 2a5608?
2a5575
In base 9, what is 322005 + -4527?
316367
In base 12, what is -5301 - -1ba?
-5103
In base 7, what is 412 - 1501610?
-1501165
In base 11, what is -17862 + -186?
-17a38
In base 10, what is -211 + -413657?
-413868
In base 2, what is 0 - 1010011111100010100111?
-1010011111100010100111
In base 11, what is -229565a4 - -2?
-229565a2
In base 3, what is 10221 + 112011200020?
112011211011
In base 5, what is -4343 + -1320434?
-1330332
In base 16, what is -8f92 + 1a6a?
-7528
In base 14, what is 51a + -28c57?
-2873b
In base 6, what is 31 - -102124034?
102124105
In base 9, what is 1387075 - 346?
1386628
In base 2, what is 100 - 100110101111110100000?
-100110101111110011100
In base 6, what is 3421 + 121331?
125152
In base 7, what is 24 + 2102601?
2102625
In base 14, what is 1bd6d78 - 7?
1bd6d71
In base 3, what is -211221211002 + 12220?
-211221121012
In base 4, what is -32313323210222 - -1?
-32313323210221
In base 6, what is 1121 + 1113512?
1115033
In base 3, what is 10 - -212120200001102?
212120200001112
In base 15, what is -3 + -411e99?
-411e9c
In base 11, what is -1312a13 + -3a?
-1312a52
In base 13, what is 4cb22 + -81?
4ca71
In base 7, what is -23 + -432051142?
-432051165
In base 3, what is 1101 - 2010?
-202
In base 13, what is -120 + -6687?
-67a7
In base 6, what is -1332412350 - 1?
-1332412351
In base 13, what is -6 - 7a2bcc4?
-7a2bcca
In base 7, what is -1103345 + -3222?
-1106600
In base 15, what is 7531 - 51b?
7015
In base 9, what is 4 + 2208167?
2208172
In base 9, what is 63534 + -22044?
41480
In base 15, what is -5817b6 + -7?
-5817bd
In base 15, what is -80a6 - 1c5?
-827b
In base 11, what is -264902 + -a5?
-2649a7
In base 9, w